{"id":2,"date":"2021-02-27T19:21:32","date_gmt":"2021-02-27T18:21:32","guid":{"rendered":"http:\/\/palamb.de\/?page_id=2"},"modified":"2021-04-13T22:28:46","modified_gmt":"2021-04-13T20:28:46","slug":"startseite","status":"publish","type":"page","link":"http:\/\/palamb.de\/startseite\/","title":{"rendered":""},"content":{"rendered":"\n<h2 class=\"wp-block-heading\">News<\/h2>\n\n\n\n<p><strong>Aktuell halte ich folgende Arten:<\/strong><br>Axolotl&nbsp;(Ambystoma mexicanum)<br>Kronengeckos (Correlophus&nbsp;ciliatus)<br>Tigersalamander (Ambystoma mavortium mavortium)<br><br>In Aufzucht befinden sich:<br>1&nbsp;<strong>Kronengecko<\/strong><br><br><strong>Axolotl<\/strong>&nbsp;(Abgabe vermutlich April\/Mai 2021 mit 10cm- nach BD-Test) &#8211; Reservierung m\u00f6glich:<br>&#8211; 8xCopper (5 reserviert)<br>&#8211; 3xCopperweissling (alle reserviert)<br>&#8211; 1x Weissling<br>&#8211; 2x Goldalbino<br>&#8211; 1xWeissalbino<\/p>\n\n\n\n<p>Eine weitere Aufzucht ist geplant.<\/p>\n\n\n\n<p>Zur Abgabe stehen 3 adulte Kronengeckos-M\u00e4nnchen &#8211; Bilder und Preise auf Anfrage.<\/p>\n\n\n\n<hr class=\"wp-block-separator is-style-wide\"\/>\n\n\n\n<p>Meine Leidenschaft f\u00fcr Unterwasserlebewesen wurde schon in jungen Jahren geweckt:<\/p>\n\n\n\n<p>Als kleines Kind habe ich meinen Vater sehr oft mit zum Angeln begleitet. Im Alter von 6 Jahren war dann kein T\u00fcmpel mehr vor mir sicher, Molche und Krebse fand ich damals schon besonders toll<\/p>\n\n\n\n<p>-ist dann wohl irgendwie dann doch h\u00e4ngen geblieben.<\/p>\n\n\n\n<p>Viele Jahre im Angelverein haben mich da wohl auch sehr gepr\u00e4gt-bis ich selbst alt genug dazu war zur Rute zu greifen wurde dann eben zum kleinen Kescher gegriffen und so alles was meine Gummistiefel zuliesen erkundet. \ud83d\ude42<\/p>\n\n\n\n<p>Diese Erkundungen wurden dann in vielen Norwegen-Urlauben auch auf Einsiedler-Krebse, Krabben, diverse kleine Meeresfische und \u00e4hnliches Getier ausgedehnt.<\/p>\n\n\n\n<p>Das Angeln musste ich dann mit Abendschule und nahenden Studium aber an den Nagel h\u00e4ngen-stattdessen wurde dann eben das erste Aquarium angeschafft.<\/p>\n\n\n\n<p>Und somit wurde 2005 der Grundstein f\u00fcr meine &nbsp;kleine Aquaristikwelt geschaffen.<\/p>\n\n\n\n<p>Mein erstes Becken war ein 54L Starter-Set von Vita-Kraft-was auch heute noch mit gewechselten Besatz in Betrieb ist. Dieses war damals durch falsche Beratung und noch fehlendes Internet leider nicht allzu gut besetzt. Aus diesem Grund folgte dann 2006 ein 80cm Becken um den Fischen eine etwas bessere Haltung zu bieten. In diesem Becken waren 5 Yellows und einige Welse. Von den Yellows hab ich mich dann aber doch recht schnell getrennt und das Becken dann ganz neu gestaltet und besetzt.&nbsp;<\/p>\n\n\n\n<p>Das 60cm Becken war dann irgendwie so leer in meiner Abstellkammer &#8230;<\/p>\n\n\n\n<p>und so folgten sehr bald die ersten Garnelen:&nbsp;<strong>Crystal Reds<\/strong>&nbsp;und&nbsp;<strong>schwarz-wei\u00dfe Bienen<\/strong>.<\/p>\n\n\n\n<p>An denen hatte ich auch mehrere Jahre meine Freude, bis ich kurzzeitig Planarien im Becken hatte. Die hab ich zwar sehr gut rausbekommen, danach haben sich die Kleinen aber aus immernoch ungekl\u00e4rter Ursache nicht weiter vermehrt.&nbsp;Das Becken wurde dann mit&nbsp;<strong>Tigergarnelen<\/strong>&nbsp;&#8211; die sich auch gut vermehrten und&nbsp;<a href=\"https:\/\/aqua-steffi.jimdofree.com\/andersoni\/hubs\/\">Cambarellus Hub<\/a>&nbsp;besetzt.<\/p>\n\n\n\n<p>2009 kam dann noch ein 40cm Becken dazu. In diesem sa\u00dfen zun\u00e4chst &nbsp;<a href=\"https:\/\/aqua-steffi.jimdofree.com\/sonstiges\/krebse\/lousiana\/\">Cambarellus spez. Lousiana<\/a>&nbsp;und diverse Schnecken.<\/p>\n\n\n\n<p>2010 hatte ich dann Nachwuchs von meinem&nbsp;<strong>Marmorkrebs<\/strong>, um diesen zu separieren wurde dann ein 20L Becken angeschafft.&nbsp;Zeitgleich dazu hatte ich den ersten&nbsp;<strong>Metallpanzerwels<\/strong>&nbsp;Nachwuchs, der als die Krebse weg waren in dieses Becken eingezogen ist. Mittlerweile sind die Kleinen alle in gute H\u00e4nde vermittelt. Jetzt wird das Becken von halbw\u00fcchsigen&nbsp;<strong>Schl\u00e4fergrundeln<\/strong>&nbsp;bewohnt &#8211; in dem Becken werden die aber nicht dauerhaft bleiben.&nbsp;Im September wurde ein 100cm Becken f\u00fcr meine&nbsp;<a href=\"https:\/\/aqua-steffi.jimdofree.com\/axolotl\/\">Axolotl<\/a>&nbsp;aufgestellt-die heute meine absoluten Unterwasser-Lieblinge sind.<\/p>\n\n\n\n<p>Tja, sp\u00e4ter kamen noch ein 60er Becken mit&nbsp;<strong>Cambarellus Shufeldtii<\/strong>&nbsp;und&nbsp;<strong>Crystal Reds<\/strong>, ein 10L Becken f\u00fcr Krebsnachwuchs und zu guter letzt dann noch ein 60er f\u00fcr erneuten&nbsp;<strong>Panzerwels-<\/strong>Nachwuchs dazu&#8230;<\/p>\n\n\n\n<p>Seit&nbsp;<strong>Januar 2011<\/strong>&nbsp;bin ich auch Mitglied in einem&nbsp;<a href=\"http:\/\/www.aquarienfreunde-koblenz.de\/index.html\" target=\"_blank\" rel=\"noreferrer noopener\">Aquarienverein<\/a>.<\/p>\n\n\n\n<p>Im&nbsp;<strong>Februar 2011<\/strong>&nbsp;wurde eine neue gr\u00f6\u00dfere Wohnung bezogen, dabei wurden ein paar Becken getauscht eine genaue Beschreibung meiner jetzigen Becken findet sich hier:<\/p>\n\n\n\n<p><a href=\"https:\/\/aqua-steffi.jimdofree.com\/sonstiges\/becken\/\">Becken<\/a><\/p>\n\n\n\n<p>Seit&nbsp;<strong>2011<\/strong>&nbsp;besitzen wir auch ein Terra mit Stabschrecken, da kamen nach und nach noch weitere Terras dazu.<\/p>\n\n\n\n<p><strong>Mai 2012<\/strong>&nbsp;kam noch ein Kronengecko dazu, mittlerweile besitzen wird 5 dieser h\u00fcbschen Tiere.<\/p>\n\n\n\n<p>Im Juli 2013 kamen noch Triturus marmoratus dazu.<\/p>\n\n\n\n<p>Im Oktober 2013 dann noch eine zweite Molchart: T.dobrogicus macrosoma<\/p>\n\n\n\n<p>Seit 2014 ziehe ich immer mal wieder Kronengeckos auf.<\/p>\n\n\n\n<p>Nachdem uns einmal BD getroffen hat&nbsp; wurden 2015&nbsp; die Molche an 2 nette Damen abgegeben, um mich auf weniger Arten zu beschr\u00e4nken.<\/p>\n\n\n\n<p><strong>2016<\/strong>&nbsp;wurde sich schweren Herzens von den Andersonis getrennt, einmal aus Zeitgr\u00fcnden, vor allem aber , da ich zuletzt immer wieder Probleme in dem eingefahrenen Becken hatte, was vermutlich auf den erh\u00f6hten pH-Wert aus der Leitung zur\u00fcck zu f\u00fchren war. Da ich kein Fan von &#8222;Panschen&#8220; bin, gebe ich bei nicht mehr passenden Bedingungen dann doch lieber die Tiere in passende H\u00e4nde ab. Das Wohl der Tiere steht f\u00fcr mich immer an erster Stelle.<\/p>\n\n\n\n<p><strong>2019<\/strong>&nbsp;sind aus Gersfeld 2 Tigersalamander bei uns eingezogen.<\/p>\n\n\n\n<p><strong>2020<\/strong>&nbsp;wurde ein kleines Becken mit Tigergarnelen aufgestellt.<\/p>\n\n\n\n<p>Ich bin Mitglied bei:<\/p>\n\n\n\n<p><a href=\"http:\/\/www.aquarienfreunde-koblenz.de\/\" target=\"_blank\" rel=\"noreferrer noopener\">Aquarien- und Terrarienfreunde Koblenz<\/a><\/p>\n\n\n\n<p><a href=\"http:\/\/vda-aktuell.de\/\" target=\"_blank\" rel=\"noreferrer noopener\">Verband Deutscher Aquarien- und Terrarienvereine e.V.<\/a><\/p>\n\n\n\n<p><a href=\"http:\/\/www.dght.de\/\" target=\"_blank\" rel=\"noreferrer noopener\">Deutsche Gesellschaft f\u00fcr Herpetologie und Terrarienkunde e.V<\/a><\/p>\n\n\n\n<p><a href=\"http:\/\/www.dght.de\/\" target=\"_blank\" rel=\"noreferrer noopener\">AG Urodela<\/a><\/p>\n","protected":false},"excerpt":{"rendered":"<p>News Aktuell halte ich folgende Arten:Axolotl&nbsp;(Ambystoma mexicanum)Kronengeckos (Correlophus&nbsp;ciliatus)Tigersalamander (Ambystoma mavortium mavortium) In Aufzucht befinden sich:1&nbsp;Kronengecko Axolotl&nbsp;(Abgabe vermutlich April\/Mai 2021 mit 10cm- nach BD-Test) &#8211; Reservierung m\u00f6glich:&#8211; 8xCopper (5 reserviert)&#8211; 3xCopperweissling (alle reserviert)&#8211; 1x Weissling&#8211; 2x Goldalbino&#8211; 1xWeissalbino Eine weitere Aufzucht ist geplant. Zur Abgabe stehen 3 adulte Kronengeckos-M\u00e4nnchen &#8211; Bilder und Preise auf Anfrage. Meine [&hellip;]<\/p>\n","protected":false},"author":1,"featured_media":0,"parent":0,"menu_order":0,"comment_status":"closed","ping_status":"open","template":"page-templates\/no-sidebar.php","meta":{"footnotes":""},"class_list":["post-2","page","type-page","status-publish","hentry"],"_links":{"self":[{"href":"http:\/\/palamb.de\/startseite\/wp-json\/wp\/v2\/pages\/2","targetHints":{"allow":["GET"]}}],"collection":[{"href":"http:\/\/palamb.de\/startseite\/wp-json\/wp\/v2\/pages"}],"about":[{"href":"http:\/\/palamb.de\/startseite\/wp-json\/wp\/v2\/types\/page"}],"author":[{"embeddable":true,"href":"http:\/\/palamb.de\/startseite\/wp-json\/wp\/v2\/users\/1"}],"replies":[{"embeddable":true,"href":"http:\/\/palamb.de\/startseite\/wp-json\/wp\/v2\/comments?post=2"}],"version-history":[{"count":4,"href":"http:\/\/palamb.de\/startseite\/wp-json\/wp\/v2\/pages\/2\/revisions"}],"predecessor-version":[{"id":91,"href":"http:\/\/palamb.de\/startseite\/wp-json\/wp\/v2\/pages\/2\/revisions\/91"}],"wp:attachment":[{"href":"http:\/\/palamb.de\/startseite\/wp-json\/wp\/v2\/media?parent=2"}],"curies":[{"name":"wp","href":"https:\/\/api.w.org\/{rel}","templated":true}]}}

<h2 class="wp-block-heading">News</h2>



<p><strong>Aktuell halte ich folgende Arten:</strong><br>Axolotl&nbsp;(Ambystoma mexicanum)<br>Kronengeckos (Correlophus&nbsp;ciliatus)<br>Tigersalamander (Ambystoma mavortium mavortium)<br><br>In Aufzucht befinden sich:<br>1&nbsp;<strong>Kronengecko</strong><br><br><strong>Axolotl</strong>&nbsp;(Abgabe vermutlich April/Mai 2021 mit 10cm- nach BD-Test) &#8211; Reservierung möglich:<br>&#8211; 8xCopper (5 reserviert)<br>&#8211; 3xCopperweissling (alle reserviert)<br>&#8211; 1x Weissling<br>&#8211; 2x Goldalbino<br>&#8211; 1xWeissalbino</p>



<p>Eine weitere Aufzucht ist geplant.</p>



<p>Zur Abgabe stehen 3 adulte Kronengeckos-Männchen &#8211; Bilder und Preise auf Anfrage.</p>



<hr class="wp-block-separator is-style-wide"/>



<p>Meine Leidenschaft für Unterwasserlebewesen wurde schon in jungen Jahren geweckt:</p>



<p>Als kleines Kind habe ich meinen Vater sehr oft mit zum Angeln begleitet. Im Alter von 6 Jahren war dann kein Tümpel mehr vor mir sicher, Molche und Krebse fand ich damals schon besonders toll</p>



<p>-ist dann wohl irgendwie dann doch hängen geblieben.</p>



<p>Viele Jahre im Angelverein haben mich da wohl auch sehr geprägt-bis ich selbst alt genug dazu war zur Rute zu greifen wurde dann eben zum kleinen Kescher gegriffen und so alles was meine Gummistiefel zuliesen erkundet. 🙂</p>



<p>Diese Erkundungen wurden dann in vielen Norwegen-Urlauben auch auf Einsiedler-Krebse, Krabben, diverse kleine Meeresfische und ähnliches Getier ausgedehnt.</p>



<p>Das Angeln musste ich dann mit Abendschule und nahenden Studium aber an den Nagel hängen-stattdessen wurde dann eben das erste Aquarium angeschafft.</p>



<p>Und somit wurde 2005 der Grundstein für meine &nbsp;kleine Aquaristikwelt geschaffen.</p>



<p>Mein erstes Becken war ein 54L Starter-Set von Vita-Kraft-was auch heute noch mit gewechselten Besatz in Betrieb ist. Dieses war damals durch falsche Beratung und noch fehlendes Internet leider nicht allzu gut besetzt. Aus diesem Grund folgte dann 2006 ein 80cm Becken um den Fischen eine etwas bessere Haltung zu bieten. In diesem Becken waren 5 Yellows und einige Welse. Von den Yellows hab ich mich dann aber doch recht schnell getrennt und das Becken dann ganz neu gestaltet und besetzt.&nbsp;</p>



<p>Das 60cm Becken war dann irgendwie so leer in meiner Abstellkammer &#8230;</p>



<p>und so folgten sehr bald die ersten Garnelen:&nbsp;<strong>Crystal Reds</strong>&nbsp;und&nbsp;<strong>schwarz-weiße Bienen</strong>.</p>



<p>An denen hatte ich auch mehrere Jahre meine Freude, bis ich kurzzeitig Planarien im Becken hatte. Die hab ich zwar sehr gut rausbekommen, danach haben sich die Kleinen aber aus immernoch ungeklärter Ursache nicht weiter vermehrt.&nbsp;Das Becken wurde dann mit&nbsp;<strong>Tigergarnelen</strong>&nbsp;&#8211; die sich auch gut vermehrten und&nbsp;<a href="https://aqua-steffi.jimdofree.com/andersoni/hubs/">Cambarellus Hub</a>&nbsp;besetzt.</p>



<p>2009 kam dann noch ein 40cm Becken dazu. In diesem saßen zunächst &nbsp;<a href="https://aqua-steffi.jimdofree.com/sonstiges/krebse/lousiana/">Cambarellus spez. Lousiana</a>&nbsp;und diverse Schnecken.</p>



<p>2010 hatte ich dann Nachwuchs von meinem&nbsp;<strong>Marmorkrebs</strong>, um diesen zu separieren wurde dann ein 20L Becken angeschafft.&nbsp;Zeitgleich dazu hatte ich den ersten&nbsp;<strong>Metallpanzerwels</strong>&nbsp;Nachwuchs, der als die Krebse weg waren in dieses Becken eingezogen ist. Mittlerweile sind die Kleinen alle in gute Hände vermittelt. Jetzt wird das Becken von halbwüchsigen&nbsp;<strong>Schläfergrundeln</strong>&nbsp;bewohnt &#8211; in dem Becken werden die aber nicht dauerhaft bleiben.&nbsp;Im September wurde ein 100cm Becken für meine&nbsp;<a href="https://aqua-steffi.jimdofree.com/axolotl/">Axolotl</a>&nbsp;aufgestellt-die heute meine absoluten Unterwasser-Lieblinge sind.</p>



<p>Tja, später kamen noch ein 60er Becken mit&nbsp;<strong>Cambarellus Shufeldtii</strong>&nbsp;und&nbsp;<strong>Crystal Reds</strong>, ein 10L Becken für Krebsnachwuchs und zu guter letzt dann noch ein 60er für erneuten&nbsp;<strong>Panzerwels-</strong>Nachwuchs dazu&#8230;</p>



<p>Seit&nbsp;<strong>Januar 2011</strong>&nbsp;bin ich auch Mitglied in einem&nbsp;<a href="http://www.aquarienfreunde-koblenz.de/index.html" target="_blank" rel="noreferrer noopener">Aquarienverein</a>.</p>



<p>Im&nbsp;<strong>Februar 2011</strong>&nbsp;wurde eine neue größere Wohnung bezogen, dabei wurden ein paar Becken getauscht eine genaue Beschreibung meiner jetzigen Becken findet sich hier:</p>



<p><a href="https://aqua-steffi.jimdofree.com/sonstiges/becken/">Becken</a></p>



<p>Seit&nbsp;<strong>2011</strong>&nbsp;besitzen wir auch ein Terra mit Stabschrecken, da kamen nach und nach noch weitere Terras dazu.</p>



<p><strong>Mai 2012</strong>&nbsp;kam noch ein Kronengecko dazu, mittlerweile besitzen wird 5 dieser hübschen Tiere.</p>



<p>Im Juli 2013 kamen noch Triturus marmoratus dazu.</p>



<p>Im Oktober 2013 dann noch eine zweite Molchart: T.dobrogicus macrosoma</p>



<p>Seit 2014 ziehe ich immer mal wieder Kronengeckos auf.</p>



<p>Nachdem uns einmal BD getroffen hat&nbsp; wurden 2015&nbsp; die Molche an 2 nette Damen abgegeben, um mich auf weniger Arten zu beschränken.</p>



<p><strong>2016</strong>&nbsp;wurde sich schweren Herzens von den Andersonis getrennt, einmal aus Zeitgründen, vor allem aber , da ich zuletzt immer wieder Probleme in dem eingefahrenen Becken hatte, was vermutlich auf den erhöhten pH-Wert aus der Leitung zurück zu führen war. Da ich kein Fan von &#8222;Panschen&#8220; bin, gebe ich bei nicht mehr passenden Bedingungen dann doch lieber die Tiere in passende Hände ab. Das Wohl der Tiere steht für mich immer an erster Stelle.</p>



<p><strong>2019</strong>&nbsp;sind aus Gersfeld 2 Tigersalamander bei uns eingezogen.</p>



<p><strong>2020</strong>&nbsp;wurde ein kleines Becken mit Tigergarnelen aufgestellt.</p>



<p>Ich bin Mitglied bei:</p>



<p><a href="http://www.aquarienfreunde-koblenz.de/" target="_blank" rel="noreferrer noopener">Aquarien- und Terrarienfreunde Koblenz</a></p>



<p><a href="http://vda-aktuell.de/" target="_blank" rel="noreferrer noopener">Verband Deutscher Aquarien- und Terrarienvereine e.V.</a></p>



<p><a href="http://www.dght.de/" target="_blank" rel="noreferrer noopener">Deutsche Gesellschaft für Herpetologie und Terrarienkunde e.V</a></p>



<p><a href="http://www.dght.de/" target="_blank" rel="noreferrer noopener">AG Urodela</a></p>

<p>News Aktuell halte ich folgende Arten:Axolotl&nbsp;(Ambystoma mexicanum)Kronengeckos (Correlophus&nbsp;ciliatus)Tigersalamander (Ambystoma mavortium mavortium) In Aufzucht befinden sich:1&nbsp;Kronengecko Axolotl&nbsp;(Abgabe vermutlich April/Mai 2021 mit 10cm- nach BD-Test) &#8211; Reservierung möglich:&#8211; 8xCopper (5 reserviert)&#8211; 3xCopperweissling (alle reserviert)&#8211; 1x Weissling&#8211; 2x Goldalbino&#8211; 1xWeissalbino Eine weitere Aufzucht ist geplant. Zur Abgabe stehen 3 adulte Kronengeckos-Männchen &#8211; Bilder und Preise auf Anfrage. Meine [&hellip;]</p>
