{"id":73,"date":"2021-04-13T22:14:21","date_gmt":"2021-04-13T20:14:21","guid":{"rendered":"http:\/\/palamb.de\/startseite\/?page_id=73"},"modified":"2021-04-13T22:26:25","modified_gmt":"2021-04-13T20:26:25","slug":"abgabe","status":"publish","type":"page","link":"http:\/\/palamb.de\/startseite\/abgabe\/","title":{"rendered":"Abgabe"},"content":{"rendered":"<div class=\"rs-columns ce_rs_columns_start first\">\n<div class=\"rs-column -large-col-12-6 -large-first -large-first-row -medium-col-12-6 -medium-first -medium-first-row -small-col-12-6 -small-first -small-first-row\">\n<div class=\"ce_text block\">\n<p>Ich lege sehr gro\u00dfen Wert darauf, dass meine Z\u00f6glinge in gute H\u00e4nde kommen.<br \/>\nDass sich vorher entsprechend informiert wurde, setze ich voraus.<br \/>\nVorallem bei den Axolotl frage ich lieber einmal zu viel nach als einmal zu wenig.<\/p>\n<p>F\u00fcr eine entsprechende Beratung stehe ich nat\u00fcrlich gerne jeder Zeit zur Verf\u00fcgung.<\/p>\n<p>Jeder Interessent ist herzlich dazu eingeladen sich vorab &#8211; nach entsprechender Terminabsprache &#8211;<br \/>\nbei mir zuhause beraten zu lassen.<\/p>\n<\/div>\n<\/div>\n<div class=\"rs-column -large-col-12-6 -large-last -large-first-row -medium-col-12-6 -medium-last -medium-first-row -small-col-12-6 -small-last -small-first-row\">\n<div class=\"ce_text block\">\n<p>Vor einiger Zeit habe ich dieses sch\u00f6ne Zitat im Netz entdeckt:<\/p>\n<p><strong>Ruskin\u2019sches Gesetz<\/strong><\/p>\n<p><em>Es gibt kaum etwas auf dieser Welt, das nicht irgendjemand ein wenig schlechter machen kann und etwas billiger verkaufen k\u00f6nnte, und die Menschen, die sich nur am Preis orientieren, werden die gerechte Beute solcher Menschen.&nbsp;<\/em><br \/>\n<em>Es ist unklug, zuviel zu bezahlen, aber es ist noch schlechter, zuwenig zu bezahlen.&nbsp;<\/em><br \/>\n<em>Wenn Sie zuviel bezahlen, verlieren Sie etwas Geld, das ist alles.<\/em><span class=\"text_exposed_show\"><br \/>\n<em>Wenn Sie dagegen zuwenig bezahlen, verlieren Sie manchmal alles, da der gekaufte Gegenstand die ihm zugedachte Aufgabe nicht erf\u00fcllen kann.&nbsp;<\/em><br \/>\n<em>Das Gesetz der Wirtschaft verbietet es, f\u00fcr wenig Geld viel Wert zu erhalten.&nbsp;<\/em><br \/>\n<em>Nehmen Sie das niedrigste Angebot an, m\u00fcssen Sie f\u00fcr das Risiko, das Sie eingehen, etwas hinzurechnen. Und wenn Sie das tun, dann haben Sie auch genug Geld, um f\u00fcr etwas Besseres zu bezahlen.&nbsp;<\/em><\/span><\/p>\n<p>John Ruskin, engl. Sozialreformer, 1819-1900<\/p>\n<\/div>\n<\/div>\n<\/div>\n<div class=\"ce_text block\">\n<h1>Abgabetiere<\/h1>\n<p>Folgende Tiere befinden sich in der Aufzucht:<\/p>\n<p>Axolotl sind erst Ende 2017 oder Anfang 2018 wieder geplant<\/p>\n<p><strong>Geckos:<\/strong>&nbsp;auf Anfrage, ein paar Tiere sollen die n\u00e4chsten Monate noch abgegeben werden<\/p>\n<\/div>\n","protected":false},"excerpt":{"rendered":"<p>Ich lege sehr gro\u00dfen Wert darauf, dass meine Z\u00f6glinge in gute H\u00e4nde kommen. Dass sich vorher entsprechend informiert wurde, setze ich voraus. Vorallem bei den Axolotl frage ich lieber einmal zu viel nach als einmal zu wenig. F\u00fcr eine entsprechende Beratung stehe ich nat\u00fcrlich gerne jeder Zeit zur Verf\u00fcgung. Jeder Interessent ist herzlich dazu eingeladen [&hellip;]<\/p>\n","protected":false},"author":1,"featured_media":0,"parent":0,"menu_order":0,"comment_status":"closed","ping_status":"closed","template":"page-templates\/no-sidebar.php","meta":{"footnotes":""},"class_list":["post-73","page","type-page","status-publish","hentry"],"_links":{"self":[{"href":"http:\/\/palamb.de\/startseite\/wp-json\/wp\/v2\/pages\/73","targetHints":{"allow":["GET"]}}],"collection":[{"href":"http:\/\/palamb.de\/startseite\/wp-json\/wp\/v2\/pages"}],"about":[{"href":"http:\/\/palamb.de\/startseite\/wp-json\/wp\/v2\/types\/page"}],"author":[{"embeddable":true,"href":"http:\/\/palamb.de\/startseite\/wp-json\/wp\/v2\/users\/1"}],"replies":[{"embeddable":true,"href":"http:\/\/palamb.de\/startseite\/wp-json\/wp\/v2\/comments?post=73"}],"version-history":[{"count":2,"href":"http:\/\/palamb.de\/startseite\/wp-json\/wp\/v2\/pages\/73\/revisions"}],"predecessor-version":[{"id":90,"href":"http:\/\/palamb.de\/startseite\/wp-json\/wp\/v2\/pages\/73\/revisions\/90"}],"wp:attachment":[{"href":"http:\/\/palamb.de\/startseite\/wp-json\/wp\/v2\/media?parent=73"}],"curies":[{"name":"wp","href":"https:\/\/api.w.org\/{rel}","templated":true}]}}